
In base 14, what is -8 - 4405?
-440d
In base 15, what is 6 - -115bd?
115c4
In base 14, what is 12681 + -2?
1267d
In base 9, what is -1602 + -82?
-1684
In base 5, what is -214 - 30?
-244
In base 9, what is -3 + 2334158?
2334155
In base 10, what is 28835 - 15?
28820
In base 13, what is 2 + 4b45?
4b47
In base 9, what is -1584 - 24?
-1618
In base 6, what is 422 + 104?
530
In base 7, what is -5 + -50645?
-50653
In base 9, what is -354 + -3034?
-3388
In base 9, what is -52632 + 2?
-52630
In base 9, what is 56 - 4747?
-4681
In base 3, what is -2212012221 - -12?
-2212012202
In base 11, what is -2749 - 23?
-2771
In base 12, what is -80803 + -2?
-80805
In base 10, what is -1 + -63386?
-63387
In base 5, what is 31012120 - -2?
31012122
In base 9, what is 715 + 1108?
1824
In base 10, what is -14 + -42265?
-42279
In base 5, what is -1400 + -10103?
-12003
In base 5, what is -22 + 123112?
123040
In base 11, what is -185a + -8a7?
-2656
In base 13, what is 56 + -aa?
-54
In base 12, what is 50 - -5019?
5069
In base 11, what is -8220 - -5?
-8216
In base 5, what is 0 - 2022224?
-2022224
In base 2, what is -101 + -100110011010101?
-100110011011010
In base 14, what is -373 - -100?
-273
In base 15, what is -1c82 + -4?
-1c86
In base 12, what is 26b6 + -1a3?
2513
In base 3, what is 1010 + -11121220?
-11120210
In base 2, what is -11001011010000000 - 1000?
-11001011010001000
In base 4, what is -30031113032 + 11?
-30031113021
In base 15, what is b3 - 4ebb?
-4e08
In base 8, what is 67003 + -6?
66775
In base 2, what is 11011 - -1001100100100?
1001100111111
In base 9, what is 15637 - 15?
15622
In base 4, what is 32032 + 2032?
100130
In base 13, what is -4b8 - 4?
-4bc
In base 7, what is 3 + -460124?
-460121
In base 6, what is -3 + 53135?
53132
In base 16, what is -117 - -6a4?
58d
In base 12, what is -15 + 15021?
15008
In base 9, what is 2 + 1582?
1584
In base 3, what is -10210021222202 + -10?
-10210021222212
In base 16, what is 1061 - -4?
1065
In base 14, what is -3 + -2a9?
-2ac
In base 4, what is -2001130 - -3?
-2001121
In base 16, what is -5 - -11e40?
11e3b
In base 14, what is 4c791 + 6?
4c797
In base 6, what is 314 - 2452?
-2134
In base 6, what is 25330 + 24?
25354
In base 16, what is 5 - 376a?
-3765
In base 9, what is -3700 + 53?
-3636
In base 5, what is -220402 - -2?
-220400
In base 6, what is -14231 + 123?
-14104
In base 7, what is -2 + -36115?
-36120
In base 6, what is 25545240 + 3?
25545243
In base 13, what is -19 - 13c?
-158
In base 4, what is 10 + 101023333?
101030003
In base 7, what is -105 + 165326?
165221
In base 8, what is 4 - 27503?
-27477
In base 10, what is -58 - -2228?
2170
In base 3, what is -120 + -10102?
-10222
In base 5, what is -121 + 12404?
12233
In base 5, what is 301 + -121414?
-121113
In base 5, what is -11 + 4014?
4003
In base 9, what is -657636 - -5?
-657631
In base 6, what is 4 + 1340113?
1340121
In base 13, what is 5 + 341494?
341499
In base 2, what is 10 - 101011110000001111?
-101011110000001101
In base 6, what is 41 + 1220444?
1220525
In base 8, what is -3303 - 1542?
-5045
In base 7, what is 150233 + 4?
150240
In base 7, what is -5064 - -46?
-5015
In base 7, what is -142 - -2110?
1635
In base 5, what is 3 + -4214102?
-4214044
In base 3, what is 111012121101 + 22?
111012121200
In base 6, what is 50505 - 103?
50402
In base 15, what is 6b21 + 5?
6b26
In base 10, what is 4 + 26338?
26342
In base 8, what is -21 + 12476?
12455
In base 14, what is -181dca - -3?
-181dc7
In base 6, what is -13222 + -4?
-13230
In base 13, what is -1 + 12929b?
12929a
In base 8, what is -2612 + -45?
-2657
In base 5, what is -12 + 22114310?
22114243
In base 6, what is 4 - -3434121?
3434125
In base 5, what is 112034 + -3?
112031
In base 6, what is -222 - 241?
-503
In base 4, what is 1013 + 1232312?
1233331
In base 12, what is -240 - 609?
-849
In base 7, what is 3 + 35230?
35233
In base 3, what is -1 - 121002000?
-121002001
In base 9, what is 1 + -326810?
-326808
In base 12, what is -29391 - -7?
-29386
In base 7, what is 32 - -30460?
30522
In base 10, what is 1 + -157345?
-157344
In base 12, what is 6a + -353b?
-3491
In base 10, what is -96669 + 4?
-96665
In base 14, what is -1132 - 2?
-1134
In base 15, what is -455 - 1?
-456
In base 2, what is 11000100 - -1010010?
100010110
In base 10, what is -371 + 5046?
4675
In base 12, what is 1 + -2a90a?
-2a909
In base 12, what is -3 + -19b164?
-19b167
In base 12, what is -1a96138 + -4?
-1a96140
In base 11, what is -69933 + -6?
-69939
In base 2, what is -11 - -101011110100?
101011110001
In base 15, what is 8 - -5d746?
5d74e
In base 9, what is -1 + 58550?
58548
In base 6, what is 541 + -253?
244
In base 10, what is -11 - 16259?
-16270
In base 13, what is 5144 + -15?
512c
In base 11, what is -3 - 1450a5?
-1450a8
In base 6, what is -35 + 345024?
344545
In base 5, what is 11 + -22203333?
-22203322
In base 8, what is 41 + 275446?
275507
In base 4, what is -311100122 + -1?
-311100123
In base 12, what is -843 - -114?
-72b
In base 15, what is -15bab + -3?
-15bae
In base 16, what is -3140 + 8?
-3138
In base 8, what is 36266 + -110?
36156
In base 2, what is -1010 - 1000010111?
-1000100001
In base 16, what is -f + -96c6?
-96d5
In base 10, what is -4695 + 44?
-4651
In base 8, what is -500 + -261?
-761
In base 16, what is -5 - -1311?
130c
In base 2, what is -100111 - 11101101111011?
-11101110100010
In base 4, what is -1 + -302300311?
-302300312
In base 11, what is 1235616 - 1?
1235615
In base 16, what is -4 - -7b23?
7b1f
In base 11, what is 66 - -13135?
131a0
In base 9, what is -3675 + 86?
-3578
In base 11, what is 1512 - 1419?
a4
In base 4, what is 2120 - 3331?
-1211
In base 6, what is -15 - 22132?
-22151
In base 14, what is -1b918 + 1?
-1b917
In base 14, what is -224 + 11d?
-105
In base 13, what is -1 + -cb2?
-cb3
In base 2, what is -10001 + -101001011?
-101011100
In base 10, what is -1 - -256687?
256686
In base 4, what is -330101122 - 3?
-330101131
In base 9, what is 2872618 + 0?
2872618
In base 8, what is -306207 - 4?
-306213
In base 4, what is 2123 - -113101?
121230
In base 10, what is -61 - -11241?
11180
In base 8, what is -133 - 2521?
-2654
In base 9, what is -10566 - 0?
-10566
In base 7, what is 2026 - -263?
2322
In base 9, what is 1005 - -1541?
2546
In base 13, what is abca - 14?
abb6
In base 6, what is 11 - -1433354?
1433405
In base 5, what is 1400 + 2040?
3440
In base 5, what is 110030 + 2?
110032
In base 16, what is 3fb2 + 2?
3fb4
In base 16, what is 2d + -1e6b3?
-1e686
In base 13, what is 849 - 9?
840
In base 2, what is 11110000 + -10001000011?
-1101010011
In base 3, what is -111 - -121022?
120211
In base 14, what is 2 + -1309?
-1307
In base 14, what is c + -8758?
-874a
In base 16, what is 6379c + 5?
637a1
In base 10, what is -3 + 62539?
62536
In base 11, what is 32 + 391?
413
In base 7, what is 454 - -544?
1331
In base 10, what is -232 - -15833?
15601
In base 6, what is -102 - 211100?
-211202
In base 15, what is -16b - -59?
-112
In base 15, what is -12a + 232?
107
In base 13, what is -77a2c + 4?
-77a28
In base 3, what is 12 + 2001210120?
2001210202
In base 10, what is -663 + -1107?
-1770
In base 13, what is 3ca + 115?
512
In base 13, what is 2 + 6b05?
6b07
In base 3, what is -22 + -211101?
-211200
In base 15, what is -1964 + -27?
-198b
In base 14, what is -14 + -2973?
-2987
In base 16, what is -66144 - -5?
-6613f
In base 16, what is dfbd - 5?
dfb8
In base 8, what is 1 - 20434?
-20433
In base 6, what is 2 + -345034?
-345032
In base 2, what is -10111 + 100101101011?
100101010100
In base 15, what is 42738 + 5?
4273d
In base 15, what is 3797 + 9?
37a1
In base 11, what is 1a + 814?
833
In base 2, what is -101 - 111110010000011001?
-111110010000011110
In base 4, what is -1013 - -10122321?
10121302
In base 7, what is 44 - -10466?
10543
In base 2, what is 0 + 100100111100111111?
100100111100111111
In base 16, what is 5e5e5 + 2?
5e5e7
In base 13, what is 5ab - -4a?
628
In base 4, what is 30131122 + -3?
30131113
In base 11, what is 1980 - -11?
1991
In base 2, what is -101 - 1111100011101?
-1111100100010
In base 3, what is 12112012012 - 10?
12112012002
In base 9, what is 7688 - 10?
7678
In base 5, what is -33 - 112031?
-112114
In base 13, what is -a20 - 0?
-a20
In base 11, what is -96 - -110?
25
In base 3, what is 1021 + -111101?
-110010
I